Let f = -37 - l. Calculate the remainder when s is divided by f.
16
Suppose 5*f + j = 17, j = -2*f - 0*j + 5. Suppose -4*m - 3 = -7. Calculate the remainder when f is divided by ((-6)/m)/(-2 + 0).
1
Suppose -f + 3*u + 206 = 6*u, 2*f - 5*u - 456 = 0. Calculate the remainder when f is divided by 17.
14
Let z be 26/(-6) - 4/6. Let r(k) = k**2 + 7. Let i(m) = -14*m + 3. Calculate the remainder when r(z) is divided by i(-1).
15
Let w be 30/45 - 584/(-6). Let n = -61 + w. What is the remainder when n is divided by 10?
7
Let o be -3*4/6 - -4. Suppose 4*w + o*c - 58 = 0, -2*w + 0*c - 2*c = -30. Calculate the remainder when 27 is divided by w.
13
Let p be (-6)/(-4)*18/(-27). Calculate the remainder when 26 is divided by 8 - 0 - (-2 - p).
8
Let a = 5 - -22. Let o be 2/10 - a/(-15). Suppose o*v + 3*z + 13 = 0, 2*z + 2 = -3*v - 5. Calculate the remainder when 1 is divided by v.
0
Let i(f) = -2*f**3 + 3*f**2 - 2*f. Let a be i(2). Let s = -5 - a. Calculate the remainder when 7 is divided by s.
1
Let o(u) = u**3 - u**2 - u + 27. What is the remainder when o(0) is divided by -1 - 1 - -14 - -2?
13
Let z(y) = -y**3 + y**2 + 2*y + 2. Suppose 8 = -2*a + 20. What is the remainder when z(-2) is divided by a?
4
Suppose 14 = 5*m - 2*p, 4*p - 1 - 15 = -m. What is the remainder when 10 is divided by m?
2
Suppose 2 = 3*a - 82. Let n(d) = 11*d**3 - d**2 - 2. What is the remainder when n(2) is divided by a?
26
Suppose 4*f - 2*f = 118. What is the remainder when f is divided by 20?
19
Let m(z) = -z**2 + 15*z - 18. Suppose 6*b - 60 = b. Suppose -5*p = -3*t + 4*t - 27, 240 = 5*t + 4*p. Calculate the remainder when t is divided by m(b).
16
Let f(v) = v**3 - 4*v**2 - 4*v + 2. Let s be f(5). Calculate the remainder when 14 is divided by 2/s - (-40)/7.
2
Suppose -1 = 2*u - 25. Suppose u = 2*o - 2. Suppose -x + s + o = -4*s, 5*x = 3*s + 79. What is the remainder when x is divided by 6?
5
Let z(k) = -k**3 - 4*k**2 + 4*k - 7. Let r be z(-5). Let c(w) = 3*w**2 + w + 2. Let m = 21 - -2. What is the remainder when m is divided by c(r)?
11
Let w be (-2)/(-8) + (-39)/12. What is the remainder when 14 is divided by (2/w)/((-18)/81)?
2
Let j(a) = -a + 15. Suppose 2*q + 449 = -3*r, 0 = -4*q - 3*r - 863 - 20. Calculate the remainder when q/(-5) + 4/(-10) is divided by j(0).
13
Suppose 0 = 2*n + 3*a - 14, 0 = 3*n - 4*n + 2*a + 14. What is the remainder when 29 is divided by n?
9
Let q = -7 + 7. Suppose 5*i - 61 = 4*i + 5*n, q = -2*n - 6. What is the remainder when i is divided by 12?
10
Let c = 106 - 67. Calculate the remainder when c is divided by 8.
7
What is the remainder when 50 + (-7 - (-9)/3) is divided by 16?
14
Let p(h) = -8*h - 1. Let q be p(-7). Suppose -5*v + q - 20 = 0. What is the remainder when 11 is divided by v?
4
Suppose -d + 3*b - 27 = -4*d, 4*d - 36 = 4*b. Calculate the remainder when (-489)/(-15) + (-2)/(-5) is divided by d.
6
Suppose 5*b + 5*h = 240, -b - 4*h = -49 + 4. Suppose 0 = -3*u - b + 175. Calculate the remainder when u is divided by 15.
12
What is the remainder when 12 is divided by 8/(-20) - ((-378)/(-15))/(-3)?
4
Let k(h) = h + 4. Let i be k(-4). Let s = i + 1. What is the remainder when 14 is divided by (s + -2)*-8*1?
6
Suppose 6*s + 2 = 5*s. Suppose 3*h = -0*o + 4*o - 27, 24 = 2*o + 2*h. Calculate the remainder when 7 is divided by s/3 - (-33)/o.
1
What is the remainder when 10 is divided by (-36 - -42)*1*1/2?
1
Suppose 3*p - 90 = -2*p. Let q = p - -28. Calculate the remainder when q is divided by (-83)/(-5) + 51/(-85).
14
Let p = -7 + 9. Suppose -1 - 2 = -h. Calculate the remainder when h is divided by p.
1
Let d(g) = -g + 5 + 7*g + g + g**2 - 2*g. Let x be d(-5). Let c(o) = o**3 - 6*o**2 + 7*o - 6. What is the remainder when c(x) is divided by 3?
1
Let m(k) = -10*k - 8. Let z be (2/4)/((-7)/84). Let x be m(z). Let j = x - 36. Calculate the remainder when j is divided by 9.
7
Let u be (-4)/6 - 56/6. Let a be u/(-6) - (-2)/6. What is the remainder when 35/7*2/a is divided by 4?
1
Let s(q) = -q + 3. Let b(n) = 13*n - 1. Let z(f) = -f + 10. Let a be z(8). What is the remainder when b(a) is divided by s(-10)?
12
Suppose -2*q - 172 = -5*o, 0*o - 2*q = -3*o + 104. Let t = -1 + -3. What is the remainder when o is divided by (-22)/(-2) - (6 + t)?
7
Let o = 18 + -36. Let y = 44 + o. What is the remainder when 75 is divided by y?
23
Let r be 2*111/(-18)*-3. Let l be (-25)/1 + 1 + -1. Let h = l + r. What is the remainder when 34 is divided by h?
10
Let x(k) = 7*k + 1. Let z(a) = -a. Let b(u) = -x(u) - 6*z(u). Let i be b(-3). Calculate the remainder when i/(-8) + (-105)/(-20) is divided by 3.
2
Suppose 2*p - 7 - 5 = -4*b, -2*p - 2*b + 10 = 0. Suppose 0 = -p*z + 256 - 76. Calculate the remainder when z is divided by 12.
9
Suppose k = 3*k. Let d(t) = -t**2 - t + 21. Let y be d(k). Calculate the remainder when 3*(y/9)/1 is divided by 4.
3
Suppose -4*m + 4 = -44. Calculate the remainder when m is divided by 5.
2
Suppose 4*r = -4*w + 48, 2*r + w = 2*w + 18. Calculate the remainder when 16 is divided by r.
6
What is the remainder when (1/(-4))/(1/(-268)) is divided by 35?
32
Calculate the remainder when 26 is divided by -1 + 21/(-6)*-2.
2
Suppose 2*u + 244 = 6*u. Calculate the remainder when u is divided by 21.
19
Let d(m) = m**3 + 2*m**2 - 4*m - 3. Suppose -3*x + 0*x - 8 = -k, -5*k + 14 = -2*x. Calculate the remainder when (-2)/((-34)/(-9) - 3 - 1) is divided by d(x).
4
Let p = 9 + -18. Let v = p - -12. Calculate the remainder when v is divided by 2.
1
Let j = 4 - 0. Let r(a) = -9*a + 3*a**3 - 5*a**2 - 8 - j*a**3 + 10*a. What is the remainder when r(-6) is divided by 8?
6
Let b(y) = -11*y - 16. Calculate the remainder when (-2 - -6)*(-23)/(-4) is divided by b(-2).
5
Let n(h) = h**3 + 8*h**2 - 10*h + 8. What is the remainder when 50 is divided by n(-9)?
16
Suppose -7*j + 9 = -4*j. Suppose -2*o = -j*l + 20, -o - 12 = l + 3*o. What is the remainder when 6/l + (-124)/(-8) is divided by 6?
5
Let u be 0 + (-4)/(-2) + 8. Suppose m - u = 3*y, -3*m - 1 + 31 = y. What is the remainder when 18 is divided by m?
8
Let c be (3*(-28)/6)/(-2). Let z = 6 + -10. Let x = c - z. What is the remainder when 21 is divided by x?
10
Suppose -9 = -2*u + 63. Calculate the remainder when u is divided by 13.
10
Let m = -42 - -64. Suppose 2*p - 20 = m. Suppose -5*d = -p - 14. Calculate the remainder when 25 is divided by d.
4
Suppose 10 = 3*r - 8. Let i(s) = 4*s + 3. What is the remainder when (-58)/r*(-3)/1 is divided by i(3)?
14
Suppose 7*q - 6 = 4*q. Suppose c - 45 = -q*c. What is the remainder when 58 is divided by c?
13
Calculate the remainder when (-219)/(-4) - 2/(-8) is divided by 14.
13
Let b be (-10)/(-3) + 5/(-15). Suppose -b*p = 5*m - 47, -m + 16 = 3*m. What is the remainder when p is divided by 5?
4
Suppose 22 = -4*t - 2*w + 326, -2*w = 5*t - 379. Suppose -2*m - m = -t. Let x(u) = -91*u - 18. Calculate the remainder when x(-1) is divided by m.
23
Suppose -2*z + 39 = -5*c, -z - c = 3*z - 23. Suppose -q + 3*q - 4*n = 38, q + 5*n = -2. Calculate the remainder when q is divided by z.
6
Let j be -2 + -2*(-2 - -1). Suppose 0 = 2*z - 6 - j. What is the remainder when (-6)/4*(-74)/z is divided by 19?
18
Let t = 6 + 6. Suppose 3*u = 4*u - 20. Suppose 0 = 4*h - w - 86, 3*h = 2*h + w + u. What is the remainder when h is divided by t?
10
Let y(u) = -u + 13. Calculate the remainder when 9 is divided by y(7).
3
Suppose -3*f - y + 31 = -6*y, 3 = 3*y. Let p be 80/f*36/10. What is the remainder when (30/p)/(2/8) is divided by 2?
1
Suppose 2 = 4*s - 6. Suppose -s*c + 1 = -23. Let q = 20 - -1. What is the remainder when q is divided by c?
9
Let x(m) = m**2 + 5*m - 15. Let v = -30 + 54. Calculate the remainder when v is divided by x(-8).
6
Let m be (-24)/2*2/4. What is the remainder when 24 is divided by (-6)/(-18) - 76/m?
11
Suppose j + 92 = 5*j. What is the remainder when 90 is divided by j?
21
Suppose -4*t = 3*a - 0*a + 36, -2*t + 3*a = 18. Let z = 15 + t. Calculate the remainder when z is divided by 2.
0
Calculate the remainder when 22 is divided by (-12)/(-8)*(-16)/(-3).
6
Let m(f) = f**2 - 3*f + 2. Let k be m(3). Suppose 20 = k*a + 3*a. Suppose -3*g + 5 = a*o, 4*o - 4 = -4*g - 0. Calculate the remainder when 3 is divided by o.
1
Suppose -3*o + 10 = -23. Let s(y) = -y**3 - 9*y**2 + 11*y + 13. What is 